 31522565?
31522110
In base 8, what is 2 + 5742067?
5742071
In base 5, what is 340440 - 4400103?
-4004113
In base 4, what is 103331020 - -21232?
110012312
In base 14, what is 1b6d9 + -cc?
1b60b
In base 10, what is 72669 - 3?
72666
In base 11, what is -27288 - -415a?
-23129
In base 14, what is 4a2 + 727?
bc9
In base 10, what is -1181817 + -925?
-1182742
In base 15, what is -545 - -29ab?
2466
In base 8, what is 245774560 + 4?
245774564
In base 3, what is 1020101001201021 - -12?
1020101001201110
In base 9, what is 1125 + 4007?
5133
In base 9, what is -2783115123 - -5?
-2783115117
In base 8, what is -157174256 + 5?
-157174251
In base 9, what is 3 + 113178044?
113178047
In base 12, what is -a4b2868 - -3?
-a4b2865
In base 8, what is -113036 + -144207?
-257245
In base 11, what is -8 - 432862?
-43286a
In base 16, what is -7bf1eb - -f?
-7bf1dc
In base 16, what is 6ae6d2 + a?
6ae6dc
In base 13, what is 156088c - 5?
1560887
In base 6, what is 215 + 453043?
453302
In base 9, what is 267232 - -218?
267451
In base 16, what is 5ee - -1003e?
1062c
In base 7, what is 105146056 + -4?
105146052
In base 2, what is -10001010001010100000 + 1?
-10001010001010011111
In base 8, what is -1212 + -2205641?
-2207053
In base 8, what is -67705 + -7237?
-77144
In base 8, what is -21430551 - 0?
-21430551
In base 4, what is -33111231133 + -11021?
-33111302220
In base 12, what is -a5aa0 - 11b?
-a5bbb
In base 8, what is 0 + 6072503?
6072503
In base 7, what is 1524403 + 1153?
1525556
In base 11, what is -257734951 - -3?
-257734949
In base 16, what is -25db00 + -2?
-25db02
In base 10, what is -1332 + 607?
-725
In base 13, what is -1180998 + -3?
-118099b
In base 7, what is -3441 + 16603?
13132
In base 8, what is 7 + 44761?
44770
In base 10, what is -109502529 - -7?
-109502522
In base 6, what is -20340224335 + -3?
-20340224342
In base 5, what is 4 + 104202420132?
104202420141
In base 10, what is -45510 - 1685?
-47195
In base 3, what is 11210120020202 - 100?
11210120020102
In base 5, what is -21232313 + 132232?
-21100031
In base 2, what is -1111010101010101000 + -100001010?
-1111010101110110010
In base 15, what is 0 - 306e3e?
-306e3e
In base 2, what is -10101111111000001 - -1010011001001?
-10100101011111000
In base 10, what is 2824 - -57546?
60370
In base 3, what is -1 + -20021001000010?
-20021001000011
In base 13, what is -203 - -911a7?
90ca4
In base 5, what is 2134321322 - 3?
2134321314
In base 13, what is -681 + -54?
-705
In base 4, what is -2 + -112333222321?
-112333222323
In base 5, what is 1014 - 24303033?
-24302014
In base 8, what is -666 + -632767?
-633655
In base 5, what is 1244324012340 + 4?
1244324012344
In base 13, what is -3 - 3c4901?
-3c4904
In base 5, what is -212 - 12112041?
-12112303
In base 3, what is -2000221020121 + 102?
-2000221020012
In base 5, what is -23130421202 + -1?
-23130421203
In base 10, what is 5 - -2414698?
2414703
In base 4, what is -1220102 + 13020?
-1201022
In base 6, what is 1033 - 20525?
-15452
In base 7, what is -1654041 + -213?
-1654254
In base 9, what is 5 - -2461322?
2461327
In base 4, what is -11032 + -113001023?
-113012121
In base 6, what is -213333315445 - 4?
-213333315453
In base 4, what is -223 + -310323011033?
-310323011322
In base 7, what is -114 + -6545062?
-6545206
In base 8, what is 172056016 - 2?
172056014
In base 12, what is 24231 - 518?
23915
In base 5, what is 3 + -102103041413?
-102103041410
In base 8, what is -2534 - 445?
-3201
In base 11, what is -2908 - -7594?
4787
In base 12, what is -5 - -2a91a122?
2a91a119
In base 2, what is -11001011001 - 110111010110?
-1010000101111
In base 2, what is -11 - -10001001100110100010111111?
10001001100110100010111100
In base 6, what is -34523340 - 10?
-34523350
In base 4, what is 1121231122 - -113?
1121231301
In base 12, what is 40bb4 + 1315?
42309
In base 10, what is 6 - 985333?
-985327
In base 9, what is 1 - 418343713?
-418343712
In base 14, what is -937c5 - -3c?
-93787
In base 8, what is -720 - 13510?
-14430
In base 12, what is 2001534a - -2?
20015350
In base 5, what is -211000 + -1100001?
-1311001
In base 8, what is 1620453 - 155?
1620276
In base 13, what is 56c0 + 5b7?
5ca7
In base 3, what is 10210221 - 10202102111?
-10121121120
In base 10, what is -187371 - 4227?
-191598
In base 9, what is -22365862 - 2?
-22365864
In base 14, what is 56a - 2?
568
In base 4, what is -3322 - -233132122?
233122200
In base 2, what is 1110101111001100010010000 + -10?
1110101111001100010001110
In base 4, what is 1220212313 - 210300?
1220002013
In base 14, what is -3 + -a49655?
-a49658
In base 16, what is -273 + 15bed9?
15bc66
In base 10, what is -1367193 + 15?
-1367178
In base 11, what is 4 + -1359930?
-1359927
In base 10, what is -4 + 72238554?
72238550
In base 5, what is -132 + -2031441?
-2032123
In base 5, what is -12141 - -4030400?
4013204
In base 9, what is -12162 + 31078?
17816
In base 4, what is 1210 - -111020021?
111021231
In base 13, what is 1674b455 + 5?
1674b45a
In base 13, what is -39 + a17a84?
a17a48
In base 13, what is 4 + -114157?
-114153
In base 9, what is -20838 + 14204?
-5634
In base 15, what is -2617a77 - 0?
-2617a77
In base 13, what is 45519 - -a4b?
46267
In base 10, what is -1374 + 666800?
665426
In base 15, what is 2dc - 33e6?
-3109
In base 3, what is -11211100220 + -1112012?
-11212220002
In base 7, what is 4 + 6453442356?
6453442363
In base 15, what is 404 - -3eb9?
43bd
In base 4, what is -121202231 + -100?
-121202331
In base 12, what is 6431 - 182?
626b
In base 11, what is -1a945 + 634?
-1a311
In base 10, what is 369189571 - 0?
369189571
In base 6, what is -21200 - -130005?
104405
In base 5, what is 112 - -1404224013?
1404224130
In base 3, what is 2102002 + -10120101?
-1011022
In base 12, what is 1371 + -474?
ab9
In base 4, what is -3130 + 2210202?
2201012
In base 15, what is 1 - -b5bb244?
b5bb245
In base 10, what is 37910885 - -5?
37910890
In base 8, what is 715773177 + 0?
715773177
In base 7, what is 106 - 24545360?
-24545251
In base 15, what is -1b33d45 + -4?
-1b33d49
In base 8, what is -5 - 72541240?
-72541245
In base 7, what is 24430316 - 123?
24430163
In base 10, what is -1283 + -20306?
-21589
In base 2, what is 1110011110100 - 1100111?
1110010001101
In base 14, what is 22 - -180ab5?
180ad7
In base 6, what is -1044 - -4222132?
4221044
In base 11, what is 162898 + 3?
1628a0
In base 3, what is 21222000 + 2201021011?
10000020011
In base 3, what is -121110220102 - -10202?
-121110202200
In base 4, what is -3321 + 3113322030?
3113312103
In base 10, what is 130 + 3713392?
3713522
In base 8, what is -400 - -100302?
77702
In base 10, what is 444 - -275480?
275924
In base 13, what is 3 + -b26a66?
-b26a63
In base 7, what is 414320 + 1302?
415622
In base 11, what is -1a45a4 - -584?
-1a4020
In base 9, what is -15 + -1175136?
-1175152
In base 2, what is 100100 + -100001001010111110101?
-100001001010111010001
In base 11, what is 1313 + -57866?
-56553
In base 9, what is -31 + -241162?
-241203
In base 14, what is 3412 + -3d3?
301d
In base 9, what is -2 - -5785511?
5785508
In base 2, what is -1 - 1000101101110101101011010100?
-1000101101110101101011010101
In base 4, what is 11332323213 + 303?
11332330122
In base 16, what is 12718a + 71?
1271fb
In base 9, what is 4 - -544703427?
544703432
In base 8, what is 5 - 116273254?
-116273247
In base 16, what is -1efb3 - -38?
-1ef7b
In base 6, what is -515 + -1342202?
-1343121
In base 3, what is -12100 + 101101221201?
101101202101
In base 7, what is 215653 + 31315?
250301
In base 14, what is -19c17c + -b?
-19c189
In base 16, what is 1ef2f8 - -1?
1ef2f9
In base 15, what is 8215419 - -a?
8215424
In base 14, what is -41908d - 2?
-419091
In base 13, what is -495b09 - -52?
-495a87
In base 9, what is -4 - 380880?
-380884
In base 4, what is 11 - -13023331002?
13023331013
In base 15, what is 2 + 4cb830?
4cb832
In base 5, what is -223 + -11344343011?
-11344343234
In base 9, what is -744564576 - 4?
-744564581
In base 11, what is -187 + -4383a2?
-438579
In base 7, what is 15144 + 615?
16062
In base 11, what is 18131276 - 49?
18131228
In base 9, what is -8023 + -4584?
-13617
In base 10, what is 1 + -25726115?
-25726114
In base 8, what is -300645 + 306?
-300337
In base 4, what is -1220123221032 - -1?
-1220123221031
In base 12, what is a - -106475?
106483
In base 16,